{"id":3,"date":"2022-02-01T19:44:36","date_gmt":"2022-02-01T19:44:36","guid":{"rendered":"https:\/\/cvse.hu\/2022\/?page_id=3"},"modified":"2022-02-02T09:31:13","modified_gmt":"2022-02-02T09:31:13","slug":"privacy-policy","status":"publish","type":"page","link":"https:\/\/cvse.hu\/2022\/?page_id=3","title":{"rendered":"Nyilv\u00e1nos Adatkezel\u00e9si Szab\u00e1lyzat \u00e9s T\u00e1j\u00e9koztat\u00f3"},"content":{"rendered":"\n<p><br>A jelen weblap \u00fczemeltet\u0151je a Celld\u00f6m\u00f6lki V\u00e1rosi \u00e9s Vasutas Sportegyes\u00fclet<br>Az Adatkezel\u0151 adatai:<br>C\u00e9gn\u00e9v: Celld\u00f6m\u00f6lk V\u00e1rosi \u00e9s Vasutas Sportegyes\u00fclet<br>Sz\u00e9khely: 9500 Celld\u00f6m\u00f6lk, Kolozsv\u00e1r u 2<br>Weblap: www.cvse.hu<br>Kapcsolattart\u00e1s: eln\u00f6k<br>Telefon: 30-916-0639<br>E-mail: cvse@cellkabel.hu<br>Adatv\u00e9delmi Tisztvisel\u0151: Egyes\u00fclet eln\u00f6ke<br>Adatv\u00e9delmi k\u00e9relmek: cvse@cellkabel.hu<br>Adatfeldolgoz\u00e1s: Az adatfeldolgoz\u00f3k tekintet\u00e9ben az egyes tev\u00e9kenys\u00e9gekhez<br>kapcsol\u00f3d\u00f3an adunk felvil\u00e1gos\u00edt\u00e1st (l\u00e1sd lentebb vagy k\u00e9relemre)<br>K\u00fclf\u00f6ldi adattov\u00e1bb\u00edt\u00e1s: nincs<br>A GDPR 30. cikk szerinti adatvagyonlelt\u00e1r: l\u00e1sd mell\u00e9klet<br>A CVSE Sportegyes\u00fclet. adatkezel\u0151k\u00e9nt tiszteletben tartja mindazon szem\u00e9lyek mag\u00e1nszf\u00e9r\u00e1j\u00e1t, akik<br>sz\u00e1m\u00e1ra szem\u00e9lyes adatot adnak \u00e1t \u00e9s elk\u00f6telezett ezek v\u00e9delm\u00e9ben.<br>A jelen szab\u00e1lyzat egyar\u00e1nt vonatkozik az egyes\u00fclet tagjaira, az egyes\u00fclettel egy\u00e9b jogviszonyba<br>ker\u00fcl\u0151 partnereire \u00e9s sz\u00e1m\u00e1ra dolgoz\u00f3 munkav\u00e1llal\u00f3kra, a weblap l\u00e1togat\u00f3ira.<br>A jelen Szab\u00e1lyzat az al\u00e1bbiakat tartalmazza:<br>\uf0b7 az \u00e1ltalunk gy\u0171jt\u00f6tt \u00e9rintettek azonos\u00edt\u00f3 adatok t\u00edpusait;<br>\uf0b7 az adatkezel\u00e9si c\u00e9lok felsorol\u00e1s\u00e1t;<br>\uf0b7 azon jogalapokat, amelyek alapj\u00e1n, ezek kezel\u00e9sek t\u00f6rt\u00e9nik;<br>\uf0b7 mindazok felsorol\u00e1s\u00e1t, akikhez az adatok tov\u00e1bb\u00edt\u00e1sra ker\u00fclnek;<br>\uf0b7 hogyan t\u00f6rt\u00e9nik a t\u00e1rol\u00e1suk.<br>K\u00e9rj\u00fck figyelmesen olvassa el a jelen Szab\u00e1lyzatot, annak \u00e9rdek\u00e9ben, hogy meg\u00e9rtse, hogy<br>hogyan kezelj\u00fck a szem\u00e9lyes adatait.<br>2<\/p>\n\n\n\n<ol class=\"wp-block-list\"><li>Adatgy\u0171jt\u00e9s<br>Bizonyos adatokat k\u00f6zvetlen\u00fcl \u00d6nt\u0151l kapunk, ez esetben vagy az \u00d6n hozz\u00e1j\u00e1rul\u00e1sa vagy a<br>k\u00f6z\u00f6tt\u00fcnk l\u00e9trej\u00f6v\u0151 szerz\u0151d\u00e9s \u00e9s azt ahhoz kapcsol\u00f3d\u00f3 vonatkoz\u00f3 t\u00f6rv\u00e9nyi el\u0151\u00edr\u00e1sok, illetve az<br>egyes sport\u00e1gi sz\u00f6vets\u00e9gek el\u0151\u00edr\u00e1sai adj\u00e1k az adatgy\u0171jt\u00e9s jogalapj\u00e1t.<br>\u00d6nre vonatkoz\u00f3 adatokat harmadik szem\u00e9lyekt\u0151l nem fogadunk! Kiv\u00e9telt jelent a sportorvosi<br>alkalmass\u00e1g eredm\u00e9nye, mely csak alkalmas vagy nem alkalmas, esetleg korl\u00e1toz\u00f3 el\u0151\u00edr\u00e1st<br>tartalmazhat, de minden esetben konkr\u00e9t orvosi diagn\u00f3zis n\u00e9lk\u00fcl.<br>\u00d6nre vonatkoz\u00f3 szem\u00e9lyes adat:<br>Az \u00d6n neve;<br>Az \u00d6n c\u00edme;<br>Sz\u00fclet\u00e9si ideje \u00e9s helye;<br>Mindazok az adatok, amelyeket levelez\u00e9s \u00fatj\u00e1n bocs\u00e1t a rendelkez\u00e9s\u00fcnkre;<br>L\u00e9tes\u00edtm\u00e9nyeinkben kamer\u00e1t nem haszn\u00e1lunk. Amennyiben erre sor ker\u00fclne a<br>felv\u00e9teleket csak<br>\u2026<br>(a) Adat weblapjaink l\u00e1togat\u00f3ir\u00f3l \u00e9s applik\u00e1ci\u00f3ink szoftvereink felhaszn\u00e1l\u00f3ir\u00f3l<br>(amennyiben relev\u00e1ns) adatokat nem t\u00e1rolunk<br>(b) Adatok, amelyek azokhoz a szolg\u00e1ltat\u00e1sokhoz kapcsol\u00f3dnak, amelyeket mi vesz\u00fcnk<br>ig\u00e9nybe \u00d6nt\u0151l<br>(i) munkahelyi kapcsolattart\u00e1si adatok (telefonsz\u00e1m, postai c\u00edm, lev\u00e9lc\u00edm, e-mail<br>c\u00edm);<br>(ii) azonos\u00edt\u00e1shoz sz\u00fcks\u00e9ges adat \u00e9s c\u00edm;<br>(iii) fizet\u00e9si adatok, k\u00f6lts\u00e9gelsz\u00e1mol\u00e1sok, banksz\u00e1mlaadatok.<br>K\u00fcl\u00f6nleges adatot nem kezel\u00fcnk.<\/li><li>Adakezel\u00e9si c\u00e9ljaink<br>T\u00e1rsas\u00e1gunk, mint adatkezel\u0151 az al\u00e1bbi c\u00e9lokb\u00f3l kezel szem\u00e9lyes adatokat:<br>\uf0b7 NAV &#8211; fel\u00e9 t\u00f6rt\u00e9n\u0151 adatszolg\u00e1ltat\u00e1s<br>\uf0b7 Sz\u00f6vets\u00e9gek fel\u00e9 t\u00f6rt\u00e9n\u0151 adatszolg\u00e1ltat\u00e1s<br>\uf0b7 Adatfeldolgoz\u00f3k fel\u00e9 t\u00f6rt\u00e9n\u0151 adatszolg\u00e1ltat\u00e1s<br>3<\/li><li>Jogalapok az \u00d6n szem\u00e9lyes adatainak felhaszn\u00e1l\u00e1shoz<br>3.1 Az \u00d6n szem\u00e9lyes adatainak jelen Szab\u00e1lyzat szerinti haszn\u00e1lat\u00e1t az al\u00e1bbiak alapozz\u00e1k meg:<br>(a) az \u00d6n szem\u00e9lyes adat\u00e1nak haszn\u00e1lata tagnyilv\u00e1ntart\u00e1shoz<br>(b) az \u00d6n szem\u00e9lyes adat\u00e1nak haszn\u00e1lata jogi k\u00f6telezetts\u00e9g teljes\u00edt\u00e9se \u00e9rdek\u00e9ben<br>sz\u00fcks\u00e9ges (p\u00e9ld\u00e1ul ad\u00f3hat\u00f3s\u00e1gi bejelent\u00e9s teljes\u00edt\u00e9se);<br>(c) az \u00d6n szem\u00e9lyes adat\u00e1nak haszn\u00e1lata<\/li><\/ol>\n\n\n\n<ul class=\"wp-block-list\"><li>adat feldolgoz\u00e1si c\u00e9lb\u00f3l val\u00f3 \u00e1tad\u00e1s k\u00f6nyvel\u0151 irod\u00e1nak, sz\u00f6vets\u00e9gnek<\/li><li>a sz\u00e1ll\u00edt\u00f3k r\u00e9sz\u00e9re megrendel\u00e9s felad\u00e1sa \u00e9s ennek figyelemmel k\u00eds\u00e9r\u00e9se; \u00e9s<br>3.2 A j\u00f6v\u0151ben, a szem\u00e9lyes adat\u00e1nak m\u00e1s m\u00f3don t\u00f6rt\u00e9n\u0151 haszn\u00e1lat\u00e1nak m\u00f3dj\u00e1t kiz\u00e1rjuk<\/li><\/ul>\n\n\n\n<ol class=\"wp-block-list\"><li>Cookie-k (s\u00fctik)<br>Honlapunkon nem haszn\u00e1lunk<\/li><li>Szem\u00e9lyes adat tov\u00e1bb\u00edt\u00e1sa<br>5.1 Az \u00d6n adatait harmadik szem\u00e9lyek al\u00e1bbi kateg\u00f3ri\u00e1ival oszthatjuk meg:<br>(a) Kiz\u00e1r\u00f3lag k\u00f6nyvel\u0151iroda, NAV, Sportsz\u00f6vets\u00e9gek<br>Korl\u00e1tozunk (szerz\u0151d\u00e9ssel vagy t\u00f6rv\u00e9nyi rendelkez\u00e9ssel) minden olyan harmadik szem\u00e9lyt,<br>akinek sz\u00e1m\u00e1ra az \u00d6n adatait tov\u00e1bb\u00edtjuk, abban a vonatkoz\u00e1sban, hogy ne legyenek k\u00e9pesek<br>arra, hogy elt\u00e9r\u0151 c\u00e9lja haszn\u00e1lj\u00e1k az \u00d6n adatait, mint amilyen c\u00e9lra mi haszn\u00e1ljuk ezeket. A<br>szem\u00e9lyes adat t\u00e1rol\u00e1sa<br>A szem\u00e9lyes adat\u00e1nak t\u00e1rol\u00e1s\u00e1ra az adatkezel\u00e9s c\u00e9lj\u00e1nak megval\u00f3sul\u00e1s\u00e1t k\u00f6vet\u0151en nem ker\u00fcl<br>sor. Az adatmeg\u0151rz\u00e9s id\u0151tartama att\u00f3l a c\u00e9lt\u00f3l f\u00fcgg, amely az adat haszn\u00e1lat\u00e1t meghat\u00e1rozza,<br>vagy amely az adott jogszab\u00e1lyban meghat\u00e1rozott jogi k\u00f6telezetts\u00e9g teljes\u00edt\u00e9s\u00e9hez, illet\u0151leg<br>jogv\u00e9delmi c\u00e9lb\u00f3l sz\u00fcks\u00e9ges.<\/li><li>Az \u00d6n jogai<br>6.1 A szem\u00e9lyes adataihoz kapcsol\u00f3d\u00f3an \u00d6nnek meghat\u00e1rozott jogai vannak, melyeket a fenti<br>felhaszn\u00e1l\u00e1si c\u00e9lok korl\u00e1toz\u00e1sa eset\u00e9n az \u00d6n tags\u00e1gi \/ \u00e9s\/vagy munkav\u00e9gz\u00e9si illetve megb\u00edz\u00e1si<br>jogviszonya megsz\u0171n\u00e9s\u00e9t vonja maga ut\u00e1n<br>6.2 Amennyiben ezekhez kapcsol\u00f3d\u00f3an tov\u00e1bbi inform\u00e1ci\u00f3t szeretne kapni, vagy b\u00e1rmelyikkel<br>\u00e9lni k\u00edv\u00e1n, b\u00e1rmikor kapcsolatba l\u00e9phet vel\u00fcnk.<br>\u00c9<br>(a) hozz\u00e1f\u00e9r\u00e9s, az \u00d6nre vonatkoz\u00f3 \u00e1ltalunk kezelt adathoz;<br>(b) amennyiben egy adat elavult vagy helytelen, ennek kiigaz\u00edt\u00e1sa;<br>(c) az \u00d6nre vonatkoz\u00f3 \u00e1ltalunk kezelt adat t\u00f6rl\u00e9se;<br>(d) az adat kezel\u00e9s\u00e9nek korl\u00e1toz\u00e1sa;<br>(e) az \u00d6n szem\u00e9lyes adat\u00e1nak direkt marketing c\u00e9lokra val\u00f3 haszn\u00e1lat\u00e1nak megtilt\u00e1sa;<br>(f) szem\u00e9lyes adatainak harmadik szem\u00e9lyszolg\u00e1ltat\u00f3 sz\u00e1m\u00e1ra t\u00f6rt\u00e9n\u0151 \u00e1tad\u00e1sa, vagy<br>ennek megtilt\u00e1sa;<br>4<br>(g) b\u00e1rmely \u00d6nre vonatkoz\u00f3 \u00e1ltalunk kezelt szem\u00e9lyes adatr\u00f3l m\u00e1solat ad\u00e1sa; vagy<br>(h) tiltakoz\u00e1s a szem\u00e9lyes adatok \u00e1ltalunk t\u00f6rt\u00e9n\u0151 haszn\u00e1lata ellen.<br>6.3 Minden fenti vonatkoz\u00e1sban \u00e9rkez\u0151 k\u00e9r\u00e9st \u00e9sszer\u0171 id\u0151n bel\u00fcl v\u00e1laszolunk meg (minden<br>esetben azonban az adott jogszab\u00e1lyi hat\u00e1rid\u0151n, azaz 30 napon bel\u00fcl).<\/li><li>Inform\u00e1ci\u00f3biztons\u00e1g<br>7.1 A CVSE elk\u00f6telezetten v\u00e9di a szem\u00e9lyes adatokat az elv\u00e9sz, jogellenes haszn\u00e1lat, jogellenes<br>tov\u00e1bb\u00edt\u00e1s, m\u00f3dos\u00edt\u00e1s, el\u00e9rhetetlens\u00e9g vagy megsemmis\u00fcl\u00e9s ellen, \u00e9s megtesz minden<br>sz\u00fcks\u00e9ges int\u00e9zked\u00e9st a szem\u00e9lyes adatok bizalmass\u00e1g\u00e1nak meg\u0151rz\u00e9se \u00e9rdek\u00e9ben, bele\u00e9rtve a<br>megfelel\u0151 technikai \u00e9s szervez\u00e9si int\u00e9zked\u00e9sek haszn\u00e1lat\u00e1t.<br>7.2 A szervezeti int\u00e9zked\u00e9sek magukban foglalj\u00e1k az \u00e9p\u00fcleteinkben a fizikai hozz\u00e1f\u00e9r\u00e9sek<br>ellen\u0151rz\u00e9s\u00e9t, munkav\u00e1llal\u00f3k oktat\u00e1s\u00e1t, a pap\u00edr alap\u00fa akt\u00e1k elz\u00e1r\u00e1s\u00e1t megfelel\u0151 helyis\u00e9gekbe. A<br>technikai int\u00e9zked\u00e9sek magukban foglalj\u00e1k a rendszereinkhez t\u00f6rt\u00e9n hozz\u00e1f\u00e9r\u00e9shez<br>kapcsol\u00f3d\u00f3 titkos\u00edt\u00e1st, jelsz\u00f3v\u00e9delmet \u00e9s a v\u00edrusirt\u00f3 szoftverek haszn\u00e1lat\u00e1t.<br>7.3 Annak a folyamatnak a r\u00e9szek\u00e9nt, amely sor\u00e1n \u00d6n a rendelkez\u00e9s\u00fcnkre bocs\u00e1tja a szem\u00e9lyes<br>adatait, ezek az adatok az interneten kereszt\u00fcl is tov\u00e1bb\u00edt\u00e1sra ker\u00fclhetnek. Annak ellen\u00e9re,<br>hogy minden sz\u00fcks\u00e9ges int\u00e9zked\u00e9st megtesz\u00fcnk az \u00d6n \u00e1ltala rendelkez\u00e9s\u00fcnkre bocs\u00e1tott<br>szem\u00e9lyes adatok v\u00e9delme \u00e9rdek\u00e9ben, az interneten t\u00f6rt\u00e9n\u0151 adattov\u00e1bb\u00edt\u00e1s nem tekinthet\u0151<br>teljes m\u00e9rt\u00e9kben biztons\u00e1gosnak. Ennek megfelel\u0151en, \u00d6nnek tudom\u00e1sul kell vennie \u00e9s el kell<br>fogadnia, hogy amennyiben sor ker\u00fcl r\u00e1 , weblapunkon kereszt\u00fcl t\u00f6rt\u00e9n\u0151 adattov\u00e1bb\u00edt\u00e1s<br>biztons\u00e1g\u00e1\u00e9rt nem tudunk teljes felel\u0151ss\u00e9get v\u00e1llalni, \u00e9s az ilyen m\u00f3don t\u00f6rt\u00e9n\u0151 tov\u00e1bb\u00edt\u00e1s az<br>\u00d6n saj\u00e1t felel\u0151ss\u00e9g\u00e9re t\u00f6rt\u00e9nhet. Amint az \u00d6n szem\u00e9lyes adata azonban meg\u00e9rkezik a<br>rendszereinkbe, szigor\u00fa elj\u00e1r\u00e1sokat tartunk be a biztons\u00e1g \u00e9rdek\u00e9ben, \u00e9s a jogellenes<br>hozz\u00e1f\u00e9r\u00e9s megakad\u00e1lyoz\u00e1sa c\u00e9lj\u00e1b\u00f3l.<br>7.4 Azokban az esetekben, amikor mi adtunk \u00d6n sz\u00e1m\u00e1ra egy jelsz\u00f3t (vagy \u00d6n v\u00e1lasztott egyet)<br>\u00d6n a felel\u0151s az\u00e9rt, hogy e jelsz\u00f3 bizalmass\u00e1g\u00e1t meg\u0151rizze. Arra k\u00e9rj\u00fck, hogy ezt a jelsz\u00f3t<br>senkivel ne ossza meg.<br>7.5 Weblapjaink, mobil applik\u00e1ci\u00f3nk illet\u0151leg k\u00f6z\u00f6ss\u00e9gi m\u00e9diaoldalaink id\u0151r\u0151l id\u0151re<br>tartalmazhatnak olyan utal\u00e1sokat, amelyek harmadik szem\u00e9lyek \u00e1ltal m\u0171k\u00f6dtetett weblapokra<br>mutatnak bele\u00e9rtve a tagv\u00e1llalatok weblapjait illetve a partner h\u00e1l\u00f3zatokat is, ezek \u00faj<br>adatkezel\u00e9se nem tartozik az \u00e1ltalunk v\u00e9gzett tev\u00e9kenys\u00e9gek k\u00f6z\u00e9.<br>7 Jogorvoslati t\u00e1j\u00e9koztat\u00e1s<br>Magyarorsz\u00e1gon az adatv\u00e9delmi fel\u00fcgyeleti hat\u00f3s\u00e1g: Nemzeti Adatv\u00e9delmi \u00e9s Inform\u00e1ci\u00f3szabads\u00e1g<br>Hat\u00f3s\u00e1g (1125 Budapest, Szil\u00e1gyi Erzs\u00e9bet fasor 22\/C) \u00fcgyf\u00e9l szolgalat@naih.hu.<\/li><\/ol>\n","protected":false},"excerpt":{"rendered":"<p>A jelen weblap \u00fczemeltet\u0151je a Celld\u00f6m\u00f6lki V\u00e1rosi \u00e9s Vasutas Sportegyes\u00fcletAz Adatkezel\u0151 adatai:C\u00e9gn\u00e9v: Celld\u00f6m\u00f6lk V\u00e1rosi \u00e9s Vasutas Sportegyes\u00fcletSz\u00e9khely: 9500 Celld\u00f6m\u00f6lk, Kolozsv\u00e1r u 2Weblap: www.cvse.huKapcsolattart\u00e1s: eln\u00f6kTelefon: 30-916-0639E-mail:&hellip;<\/p>\n","protected":false},"author":1,"featured_media":0,"parent":0,"menu_order":0,"comment_status":"closed","ping_status":"open","template":"","meta":{"footnotes":""},"class_list":["post-3","page","type-page","status-publish","hentry"],"_links":{"self":[{"href":"https:\/\/cvse.hu\/2022\/index.php?rest_route=\/wp\/v2\/pages\/3","targetHints":{"allow":["GET"]}}],"collection":[{"href":"https:\/\/cvse.hu\/2022\/index.php?rest_route=\/wp\/v2\/pages"}],"about":[{"href":"https:\/\/cvse.hu\/2022\/index.php?rest_route=\/wp\/v2\/types\/page"}],"author":[{"embeddable":true,"href":"https:\/\/cvse.hu\/2022\/index.php?rest_route=\/wp\/v2\/users\/1"}],"replies":[{"embeddable":true,"href":"https:\/\/cvse.hu\/2022\/index.php?rest_route=%2Fwp%2Fv2%2Fcomments&post=3"}],"version-history":[{"count":2,"href":"https:\/\/cvse.hu\/2022\/index.php?rest_route=\/wp\/v2\/pages\/3\/revisions"}],"predecessor-version":[{"id":112,"href":"https:\/\/cvse.hu\/2022\/index.php?rest_route=\/wp\/v2\/pages\/3\/revisions\/112"}],"wp:attachment":[{"href":"https:\/\/cvse.hu\/2022\/index.php?rest_route=%2Fwp%2Fv2%2Fmedia&parent=3"}],"curies":[{"name":"wp","href":"https:\/\/api.w.org\/{rel}","templated":true}]}}